{"version":"1.0","provider_name":"Mobilvetta","provider_url":"https:\/\/mobilvetta.it\/fr\/","author_name":"gmachetti","author_url":"https:\/\/mobilvetta.it\/fr\/author\/gmachetti\/","title":"D\u00e9couvrez l\u2019excellence Mobilvetta \u00e0 Paris-Le Bourget - Mobilvetta","type":"rich","width":600,"height":338,"html":"<blockquote class=\"wp-embedded-content\" data-secret=\"Fx627o1HgH\"><a href=\"https:\/\/mobilvetta.it\/fr\/decouvrez-lexcellence-mobilvetta-a-paris-le-bourget\/\">D\u00e9couvrez l\u2019excellence Mobilvetta \u00e0 Paris-Le Bourget<\/a><\/blockquote><iframe sandbox=\"allow-scripts\" security=\"restricted\" src=\"https:\/\/mobilvetta.it\/fr\/decouvrez-lexcellence-mobilvetta-a-paris-le-bourget\/embed\/#?secret=Fx627o1HgH\" width=\"600\" height=\"338\" title=\"\u00ab\u00a0D\u00e9couvrez l\u2019excellence Mobilvetta \u00e0 Paris-Le Bourget\u00a0\u00bb &#8212; Mobilvetta\" data-secret=\"Fx627o1HgH\" frameborder=\"0\" marginwidth=\"0\" marginheight=\"0\" scrolling=\"no\" class=\"wp-embedded-content\"><\/iframe><script>\n\/*! This file is auto-generated *\/\n!function(d,l){\"use strict\";l.querySelector&&d.addEventListener&&\"undefined\"!=typeof URL&&(d.wp=d.wp||{},d.wp.receiveEmbedMessage||(d.wp.receiveEmbedMessage=function(e){var t=e.data;if((t||t.secret||t.message||t.value)&&!\/[^a-zA-Z0-9]\/.test(t.secret)){for(var s,r,n,a=l.querySelectorAll('iframe[data-secret=\"'+t.secret+'\"]'),o=l.querySelectorAll('blockquote[data-secret=\"'+t.secret+'\"]'),c=new RegExp(\"^https?:$\",\"i\"),i=0;i<o.length;i++)o[i].style.display=\"none\";for(i=0;i<a.length;i++)s=a[i],e.source===s.contentWindow&&(s.removeAttribute(\"style\"),\"height\"===t.message?(1e3<(r=parseInt(t.value,10))?r=1e3:~~r<200&&(r=200),s.height=r):\"link\"===t.message&&(r=new URL(s.getAttribute(\"src\")),n=new URL(t.value),c.test(n.protocol))&&n.host===r.host&&l.activeElement===s&&(d.top.location.href=t.value))}},d.addEventListener(\"message\",d.wp.receiveEmbedMessage,!1),l.addEventListener(\"DOMContentLoaded\",function(){for(var e,t,s=l.querySelectorAll(\"iframe.wp-embedded-content\"),r=0;r<s.length;r++)(t=(e=s[r]).getAttribute(\"data-secret\"))||(t=Math.random().toString(36).substring(2,12),e.src+=\"#?secret=\"+t,e.setAttribute(\"data-secret\",t)),e.contentWindow.postMessage({message:\"ready\",secret:t},\"*\")},!1)))}(window,document);\n\/\/# sourceURL=https:\/\/mobilvetta.it\/wp-includes\/js\/wp-embed.min.js\n<\/script>\n","thumbnail_url":"https:\/\/mobilvetta.it\/wp-content\/uploads\/2026\/06\/MBV-KARYS-AMB-219.jpg","thumbnail_width":1920,"thumbnail_height":1280,"description":"\u00c0 l\u2019occasion de la 60e \u00e9dition du Salon des V\u00e9hicules de Loisirs, Mobilvetta vous ouvre les portes de son univers du 26 septembre au 4 octobre 2026 au Parc des Expositions de Paris-Le Bourget. Venez appr\u00e9cier la collection 2027, o\u00f9 design italien, technologie et confort se rencontrent dans des v\u00e9hicules con\u00e7us avec une attention particuli\u00e8re &hellip; Continued"}

Découvrez l’excellence Mobilvetta à Paris-Le Bourget - Mobilvetta

<blockquote class="wp-embedded-content" data-secret="Fx627o1HgH"><a href="https://mobilvetta.it/fr/decouvrez-lexcellence-mobilvetta-a-paris-le-bourget/">Découvrez l’excellence Mobilvetta à Paris-Le Bourget</a></blockquote><iframe sandbox="allow-scripts" security="restricted" src="https://mobilvetta.it/fr/decouvrez-lexcellence-mobilvetta-a-paris-le-bourget/embed/#?secret=Fx627o1HgH" width="600" height="338" title="« Découvrez l’excellence Mobilvetta à Paris-Le Bourget » &#8212; Mobilvetta" data-secret="Fx627o1HgH" frameborder="0" marginwidth="0" marginheight="0" scrolling="no" class="wp-embedded-content"></iframe><script>
/*! This file is auto-generated */
!function(d,l){"use strict";l.querySelector&&d.addEventListener&&"undefined"!=typeof URL&&(d.wp=d.wp||{},d.wp.receiveEmbedMessage||(d.wp.receiveEmbedMessage=function(e){var t=e.data;if((t||t.secret||t.message||t.value)&&!/[^a-zA-Z0-9]/.test(t.secret)){for(var s,r,n,a=l.querySelectorAll('iframe[data-secret="'+t.secret+'"]'),o=l.querySelectorAll('blockquote[data-secret="'+t.secret+'"]'),c=new RegExp("^https?:$","i"),i=0;i<o.length;i++)o[i].style.display="none";for(i=0;i<a.length;i++)s=a[i],e.source===s.contentWindow&&(s.removeAttribute("style"),"height"===t.message?(1e3<(r=parseInt(t.value,10))?r=1e3:~~r<200&&(r=200),s.height=r):"link"===t.message&&(r=new URL(s.getAttribute("src")),n=new URL(t.value),c.test(n.protocol))&&n.host===r.host&&l.activeElement===s&&(d.top.location.href=t.value))}},d.addEventListener("message",d.wp.receiveEmbedMessage,!1),l.addEventListener("DOMContentLoaded",function(){for(var e,t,s=l.querySelectorAll("iframe.wp-embedded-content"),r=0;r<s.length;r++)(t=(e=s[r]).getAttribute("data-secret"))||(t=Math.random().toString(36).substring(2,12),e.src+="#?secret="+t,e.setAttribute("data-secret",t)),e.contentWindow.postMessage({message:"ready",secret:t},"*")},!1)))}(window,document);
//# sourceURL=https://mobilvetta.it/wp-includes/js/wp-embed.min.js
</script>

À l’occasion de la 60e édition du Salon des Véhicules de Loisirs, Mobilvetta vous ouvre les portes de son univers du 26 septembre au 4 octobre 2026 au Parc des Expositions de Paris-Le Bourget. Venez apprécier la collection 2027, où design italien, technologie et confort se rencontrent dans des véhicules conçus avec une attention particulière &hellip; Continued
